divided by 362.
30
What is the remainder when 2657458 is divided by 26?
24
Calculate the remainder when 3747 is divided by 873.
255
What is the remainder when 112218 is divided by 1336?
1330
What is the remainder when 26298 is divided by 7?
6
Calculate the remainder when 10682 is divided by 395.
17
Calculate the remainder when 15183 is divided by 7586.
11
What is the remainder when 8900 is divided by 29?
26
Calculate the remainder when 68245 is divided by 175.
170
Calculate the remainder when 86343 is divided by 26.
23
What is the remainder when 32572 is divided by 775?
22
What is the remainder when 1211106 is divided by 31?
29
What is the remainder when 875 is divided by 796?
79
What is the remainder when 16330 is divided by 277?
264
What is the remainder when 1171 is divided by 30?
1
Calculate the remainder when 10088 is divided by 27.
17
What is the remainder when 104258 is divided by 11?
0
Calculate the remainder when 1052499 is divided by 22.
19
Calculate the remainder when 84322 is divided by 505.
492
Calculate the remainder when 1691 is divided by 840.
11
Calculate the remainder when 1944 is divided by 908.
128
What is the remainder when 163671 is divided by 558?
177
What is the remainder when 156127 is divided by 7?
6
What is the remainder when 4739 is divided by 295?
19
What is the remainder when 22308 is divided by 208?
52
What is the remainder when 39064 is divided by 26?
12
What is the remainder when 5655 is divided by 510?
45
Calculate the remainder when 1264 is divided by 415.
19
Calculate the remainder when 14380 is divided by 877.
348
Calculate the remainder when 90306 is divided by 49.
48
Calculate the remainder when 8483 is divided by 139.
4
Calculate the remainder when 1400178 is divided by 20.
18
Calculate the remainder when 11003 is divided by 64.
59
Calculate the remainder when 407037 is divided by 320.
317
Calculate the remainder when 226640 is divided by 75546.
2
Calculate the remainder when 2245019 is divided by 170.
169
What is the remainder when 56751 is divided by 1384?
7
Calculate the remainder when 73014 is divided by 2086.
4
Calculate the remainder when 66119 is divided by 7336.
95
What is the remainder when 9112 is divided by 17?
0
What is the remainder when 12464 is divided by 47?
9
What is the remainder when 2181 is divided by 16?
5
Calculate the remainder when 12854 is divided by 429.
413
What is the remainder when 270348 is divided by 20?
8
What is the remainder when 2844 is divided by 447?
162
Calculate the remainder when 15831 is divided by 31.
21
Calculate the remainder when 10885 is divided by 1209.
4
What is the remainder when 7883 is divided by 93?
71
Calculate the remainder when 61749 is divided by 61736.
13
Calculate the remainder when 11887775 is divided by 14.
11
What is the remainder when 9833 is divided by 16?
9
What is the remainder when 5796 is divided by 614?
270
Calculate the remainder when 172639 is divided by 32.
31
Calculate the remainder when 15697 is divided by 522.
37
Calculate the remainder when 710 is divided by 172.
22
Calculate the remainder when 13763 is divided by 2292.
11
What is the remainder when 8275 is divided by 92?
87
Calculate the remainder when 11919 is divided by 3881.
276
Calculate the remainder when 335355 is divided by 107.
17
Calculate the remainder when 97253 is divided by 5.
3
What is the remainder when 7762 is divided by 214?
58
What is the remainder when 126626 is divided by 183?
173
What is the remainder when 4112 is divided by 353?
229
Calculate the remainder when 721745 is divided by 606.
605
What is the remainder when 5528 is divided by 191?
180
What is the remainder when 98276 is divided by 38?
8
Calculate the remainder when 3688 is divided by 80.
8
Calculate the remainder when 3223 is divided by 3026.
197
Calculate the remainder when 14613 is divided by 63.
60
What is the remainder when 3821 is divided by 1895?
31
Calculate the remainder when 11985 is divided by 42.
15
Calculate the remainder when 666120 is divided by 1708.
0
What is the remainder when 7917 is divided by 1061?
490
Calculate the remainder when 73969 is divided by 130.
129
Calculate the remainder when 35264 is divided by 7.
5
Calculate the remainder when 100869 is divided by 25216.
5
Calculate the remainder when 1736 is divided by 198.
152
Calculate the remainder when 17975 is divided by 1491.
83
What is the remainder when 4637 is divided by 86?
79
What is the remainder when 13284 is divided by 6626?
32
What is the remainder when 10192 is divided by 111?
91
What is the remainder when 21984 is divided by 21964?
20
What is the remainder when 30937 is divided by 148?
5
Calculate the remainder when 13275 is divided by 6627.
21
What is the remainder when 1768 is divided by 181?
139
Calculate the remainder when 13121 is divided by 54.
53
Calculate the remainder when 197 is divided by 148.
49
Calculate the remainder when 11992 is divided by 279.
274
Calculate the remainder when 78756 is divided by 49.
13
Calculate the remainder when 126202 is divided by 85.
62
Calculate the remainder when 38555 is divided by 102.
101
What is the remainder when 31691 is divided by 455?
296
Calculate the remainder when 174606 is divided by 283.
278
Calculate the remainder when 131381 is divided by 136.
5
What is the remainder when 19778 is divided by 598?
44
What is the remainder when 4045 is divided by 1459?
1127
What is the remainder when 360313 is divided by 431?
428
Calculate the remainder when 13823 is divided by 497.
404
Calculate the remainder when 702241 is divided by 18.
7
What is the remainder when 53865 is divided by 929?
912
Calculate the remainder when 6254 is divided by 62.
54
What is the remainder when 10524 is divided by 1948?
784
What is the remainder when 40926 is divided by 419?
283
Calculate the remainder when 7501 is divided by 342.
319
What is the remainder when 6411 is divided by 109?
89
Calculate the remainder when 7176 is divided by 159.
21
Calculate the remainder when 3335 is divided by 548.
47
What is the remainder when 12052 is divided by 1338?
10
What is the remainder when 35489 is divided by 11828?
5
Calculate the remainder when 17462 is divided by 371.
25
Calculate the remainder when 3842 is divided by 38.
4
What is the remainder when 35862 is divided by 2109?
9
Calculate the remainder when 56854 is divided by 184.
182
Calculate the remainder when 33523 is divided by 299.
35
Calculate the remainder when 271301 is divided by 190.
171
Calculate the remainder when 798 is divided by 198.
6
Calculate the remainder when 15548 is divided by 183.
176
What is the remainder when 1732 is divided by 404?
116
Calculate the remainder when 99851 is divided by 45.
41
Calculate the remainder when 2771 is divided by 292.
143
What is the remainder when 12842 is divided by 45?
17
Calculate the remainder when 57352 is divided by 143.
9
What is the remainder when 3810 is divided by 18?
12
What is the remainder when 1847 is divided by 500?
347
What is the remainder when 8122 is divided by 33?
4
Calculate the remainder when 3298 is divided by 74.
42
Calculate the remainder when 59934 is divided by 5435.
149
What is the remainder when 715 is divided by 173?
23
Calculate the remainder when 719 is divided by 409.
310
Calculate the remainder when 148445 is divided by 346.
11
What is the remainder when 9892 is divided by 659?
7
Calculate the remainder when 8397 is divided by 696.
45
What is the remainder when 1288470 is divided by 1091?
1090
Calculate the remainder when 33558 is divided by 16775.
8
What is the remainder when 55784 is divided by 207?
101
What is the remainder when 418763 is divided by 139585?
8
Calculate the remainder when 6672 is divided by 3.
0
What is the remainder when 3944 is divided by 1122?
578
Calculate the remainder when 15877 is divided by 5289.
10
Calculate the remainder when 27915 is divided by 4651.
9
What is the remainder when 5113 is divided by 61?
50
What is the remainder when 3611 is divided by 807?
383
What is the remainder when 2289 is divided by 39?
27
Calculate the remainder when 51905 is divided by 6488.
1
Calculate the remainder when 20300 is divided by 278.
6
Calculate the remainder when 138444 is divided by 8650.
44
Calculate the remainder when 16061 is divided by 2293.
